(t) = -t**3 + 2*t**2 + t + 4. Let p be h(3). Let z be p/6 + (-40)/(-12). What is the units digit of (z/6)/((-2)/(-28))?
7
Suppose 3*a - 6*a + 9 = 0. Suppose p = 2*p + j - a, -3*j - 7 = -5*p. What is the units digit of (p + 18/(-4))*-2?
5
What is the units digit of 31/5 - 1/5?
6
Suppose -5*v - 15 = 5*m, 3*m + v + 3 + 0 = 0. Let s = m + -2. Let l = 5 + s. What is the units digit of l?
3
Let k = 7 - 4. Suppose 1 + k = p - u, -4 = u. Suppose p = a - 2*a + 6. What is the units digit of a?
6
Suppose 0 = -0*g - 5*g + 10. Suppose -3*a - g*a - 80 = 0. What is the units digit of 1 + -3 - (a + 3)?
1
Suppose -w - w + 102 = -5*m, -5*m = 3*w - 103. What is the units digit of w?
1
Let u = -2 + 4. Suppose -5*o = 4*w + 17, -u*w - w + 1 = o. Let c = w + -1. What is the units digit of c?
1
Suppose -2*x + 87 = x. What is the tens digit of x?
2
Suppose 4*t = 26 + 98. What is the units digit of t?
1
Let j = 177 + -118. What is the units digit of j?
9
Suppose -4*f - 2*b = -144, 2*f + 7*b = 4*b + 68. What is the units digit of f?
7
Let x = 1 - 1. Let d = 77 - 89. Let q = x - d. What is the tens digit of q?
1
Let l = -2 + 0. What is the units digit of -1 - (0 + (l - 7))?
8
Let p = -17 - -5. Let a = p + 17. What is the units digit of a?
5
Let f(r) = 2*r**3 - r**2 - 2*r. Let c be f(2). Suppose -4*n - 4 = c. Let o = 4 + n. What is the units digit of o?
1
Suppose 464 - 64 = 8*i. What is the tens digit of i?
5
Let r be ((-4)/2)/(4/(-74)). Let v = -11 + r. Suppose -3*t + 7 + v = 0. What is the units digit of t?
1
Let n = -16 - -46. What is the units digit of n?
0
Let l(q) = -q. Let f be l(4). Let m(j) = j**3 + 5*j**2 + 4*j + 1. What is the units digit of m(f)?
1
Let v be 1/(-4) + (-2)/(-8). Suppose v*g = -g + 3. Suppose 4*m - 4*w = -8, w + g*w = -2*m + 26. What is the units digit of m?
3
Let o be (-2)/6 + (-28)/6. Let y(w) = -2*w - 5. Let s be y(o). Suppose 3*q = s*l - 2*l + 3, 4*q - 3 = 5*l. What is the units digit of l?
1
Let s(z) = z - 4. Let t be s(7). Suppose -t - 2 = -h. Suppose -h*d - 24 = -9*d. What is the units digit of d?
6
Let r = 0 - -4. Let h = r - 6. What is the units digit of ((-1)/(-2))/(h/(-8))?
2
Let k(x) be the first derivative of x**3/3 + 5*x**2 + 4*x - 2. Let p be k(-9). What is the units digit of (p/3)/1*-6?
0
Suppose -5*w + 2*r = -3*r - 1330, -5*w + 1330 = -2*r. What is the hundreds digit of w?
2
Suppose -2*f = -0*f + 6, 4*q + 8 = -4*f. Let c(w) = -w + w - q - 4*w. What is the tens digit of c(-4)?
1
Let y = -21 - -68. What is the tens digit of y?
4
Let h be 522/27 + (-2)/6. Suppose 2*f + 26 = 3*d, 0*d = -2*d + f + h. What is the tens digit of d?
1
Let w(t) = -t + 23. What is the units digit of w(14)?
9
Suppose 0*a = -2*a - 4. Suppose 0 = -3*b - l + 7, -5*b + 40 = -4*l. Let n = b - a. What is the units digit of n?
6
Suppose -6*d = -9*d + 4*x + 537, 5*d + x - 895 = 0. What is the hundreds digit of d?
1
Let c be (4/5)/((-10)/(-125)). Let o(j) = -j**3 + 10*j**2 - j + 13. Let w be o(c). Suppose -p + w*p - 4*x = 10, 4*x = 8. What is the units digit of p?
9
Suppose 0 = 18*l - 17*l - 289. What is the units digit of l?
9
Suppose -4*l = -5*p - 31, 5*p + 5 + 6 = -l. Let g(w) = l + 0 + w - 2*w. What is the units digit of g(0)?
4
Let t(m) = -6*m + 1. Let j be t(-4). Suppose -j = -3*q + 89. What is the tens digit of q?
3
Suppose 8*c - 1140 = 2*c. What is the tens digit of c?
9
Let h be (-1 + -3)/(2/(-4)). Let p be (-20)/(-6)*(-9)/(-6). Let k = h - p. What is the units digit of k?
3
Suppose 2*b - 7*b + 335 = 5*a, -64 = -a - 4*b. What is the tens digit of a?
6
Suppose 4*d + 4*f + 4 = 0, -2*d + 3*f + 4 + 19 = 0. What is the units digit of d?
4
Let w = 1 + -8. Let n be 2/2 + (-9)/(-6)*-2. Let c = n - w. What is the units digit of c?
5
Let q be (-11 - -14) + 0 + -1. What is the units digit of 111/4 + q/8?
8
Let g(b) = 7*b**2 - 3*b**2 + 0 - 1 + b**3 + 6*b**2. Let i be g(-10). What is the units digit of -4 + 14 + (-2)/i?
2
Let i be 0 + 14 + 0 + -2. Suppose -3*l - 3*z = -4*l + i, 2*l + 6 = -4*z. Suppose -35 = -l*h + 5*u - 1, -h = -2*u - 13. What is the units digit of h?
3
Suppose 2*w + 212 = -n + 3*n, -5*w + 5 = 0. What is the tens digit of n?
0
Suppose 6*s - s + 10 = 0, -50 = -2*t + 5*s. Suppose 0 = -r, h - 4*r = 5*h - t. Suppose -18 = -q - h*y, 5*q - y - 55 - 9 = 0. What is the tens digit of q?
1
Suppose 2*f = -0*f + 4*x + 6, -2*x + 6 = 2*f. Suppose -6*h + 120 = -3*h. Suppose -7*j = -2*j, f*j = 4*v - h. What is the tens digit of v?
1
Suppose -5*j = -j - 232. What is the units digit of j?
8
Let l(b) = -b**3 - 9*b**2 - 7*b + 6. Let f be l(-8). What is the units digit of 25 + f - 2/1?
1
Let z(m) = -m**2 + 4*m + 1. What is the units digit of z(3)?
4
Suppose 3*f - 4 = w, 4*f - 49 - 26 = -5*w. What is the tens digit of w/((6/2)/3)?
1
Suppose 24 = -2*x + 5*x. Suppose -4*l + 20 = x. What is the units digit of l?
3
Suppose 0 = 4*x - 8, 6*x - 5*x = -3*k - 7. What is the tens digit of k/(9/(-6)) - -10?
1
Let q(s) = s**2 - 14*s - 15. What is the tens digit of q(22)?
6
Let i = 8 - 6. What is the units digit of (i - 3) + 24 + -2?
1
Let z be 3/(-1) - 273/(-3). Suppose 5*l - z = -18. What is the tens digit of l?
1
Suppose 47 = -3*s - s - 5*n, n + 51 = -4*s. Let h = 25 - s. What is the units digit of h?
8
Suppose -3*g + 7*n = 2*n - 576, n = 2*g - 384. What is the tens digit of g?
9
Let k = -2 - -3. What is the units digit of 14 - (1 - 0)/k?
3
Let x(k) = 5*k - 1. Let b be x(1). Let w(q) = q + 1. Let f be w(2). Let p = b - f. What is the units digit of p?
1
Let b(y) = -y + 8. Let g be b(5). Suppose -g*q + 5*q = 6. Suppose -l = -q*l + 22. What is the units digit of l?
1
Suppose -2*y + 0*y + 30 = 0. Suppose -3*b = -4*f - 22, f = 3*b - y + 5. What is the units digit of b?
2
Let h be 1 - 4/(8/14). Let x = h + 35. What is the tens digit of x?
2
Suppose 0 = -a - 1 + 3. Suppose -3*c - a*c = -10. Suppose c*k - 15 = -3*k. What is the units digit of k?
3
Let q(r) = -r**2 + 14*r - 9. Let b be q(9). Suppose -2*z + b = -8. What is the tens digit of z?
2
Suppose -5*c = -7*c + 102. What is the tens digit of c?
5
Let d(g) = g**3 - 7*g**2 - g + 7. Let o be d(7). Suppose 0 = 4*p - j - 43, -2*j = 5*p - o*p - 57. What is the tens digit of p?
1
Suppose 0 = 5*f - 3*a + 5, 3*f = 4*a - 3. Let w = 1 + f. Suppose -p + 0*p + 2 = w. What is the units digit of p?
2
Suppose 6*v - 104 = 124. What is the tens digit of v?
3
Let i(z) = z**2 - z + 5. Let n(a) = a**3 + 5*a**2 - 7*a - 6. Let s be n(-6). Let r be i(s). Let v = -3 + r. What is the units digit of v?
2
Suppose -r - 2 = r + 2*q, 3*r + 7 = -4*q. Let a(v) = 0*v - 1 + r + v. What is the units digit of a(4)?
6
Let t = 3 + 34. What is the tens digit of t?
3
Suppose -3*y + 2*y = 3. Let z = 8 + y. What is the units digit of z?
5
Suppose -4*l + 3*y + 1250 = 0, -3*l + 0*y = y - 931. What is the hundreds digit of l?
3
Suppose 5 = 2*k - 5. Suppose -4*j - j + k*r = -30, r + 18 = 4*j. What is the units digit of j?
4
Let o(n) = n - 2. Let x be o(6). Suppose 0 = x*b - 3*b - 10. What is the tens digit of b?
1
Let x(m) = m**3 - 8*m**2 + 16*m + 1. Let s be x(5). Let p be (-3*1)/(3/4). Let d = p + s. What is the units digit of d?
2
What is the tens digit of -2*((-717)/30 - (-2)/5)?
4
What is the tens digit of 620/30 - (-2)/(-3)?
2
Suppose 6*b - 2*b - 280 = 4*f, 2*f - 8 = 0. What is the tens digit of b?
7
Suppose -138 = -5*q + 532. What is the hundreds digit of q?
1
Let r = 138 - 63. Suppose 7*k + 5*n = 3*k - 81, -5*k - n = r. What is the tens digit of ((-11)/2)/(7/k)?
1
Suppose 2*x + 4*d + 7 = 23, 5*x + 2*d = 48. Let a(j) = 1 - 10*j + 4*j**2 + x*j. What is the units digit of a(-1)?
5
Let a(n) = 4*n - 2*n + 2*n. Let v(h) = -h**2 + 4*h - 2. Let k be v(3). What is the units digit of a(k)?
4
Suppose 7*r - 15 = -3*c + 4*r, 5*r = -3*c + 17. Suppose -4*o = -2*o - c. Suppose 6 = x - 2*i, -3*x = -5*x - o*i + 6. What is the units digit of x?
4
Suppose 0 = 5*j - 2*d - 1370, -10 = 7*d - 5*d. What is the units digit of j?
2
Suppose -5*t - 5*q + 45 = 0, 3*t - 52 = -2*t + 2*q. What is the units digit of (-2 + t)*3/2?
2
Let h = 7 + -13. Let a be (4/h)/(1/6). What is the units digit of ((-6)/a)/((-9)/(-12))?
2
Let b = 117 - -8. What is the units digit of b?
5
What is the hundreds digit of ((-6)/(-18))/(1/327)?
1
Let n be (-10 - -5)*(-3)/(-5). What is the units digit of ((-9)/(-6))/(n/(-8))?
4
S